{"id":1169,"date":"2019-09-17T16:04:41","date_gmt":"2019-09-17T14:04:41","guid":{"rendered":"https:\/\/kasperlundpezi.at\/?page_id=1169"},"modified":"2019-09-17T16:04:41","modified_gmt":"2019-09-17T14:04:41","slug":"datenschutz","status":"publish","type":"page","link":"https:\/\/kasperlundpezi.at\/?page_id=1169","title":{"rendered":"Datenschutz"},"content":{"rendered":"<h1>Haftungsausschluss und Datenschutzerkl\u00e4rung<\/h1>\n<h5>Urheberrecht<\/h5>\n<p>Die durch die Seitenbetreiber erstellten Inhalte und Werke auf diesen Seiten unterliegen dem \u00f6sterreichischem Urheberrecht. Die Vervielf\u00e4ltigung, Bearbeitung, Verbreitung und jede Art der Verwertung au\u00dferhalb der Grenzen des Urheberrechtes bed\u00fcrfen der schriftlichen Zustimmung des jeweiligen Autors bzw. Erstellers. Downloads und Kopien dieser Seite sind nur f\u00fcr den privaten, nicht kommerziellen Gebrauch gestattet. Soweit die Inhalte auf dieser Seite nicht vom Betreiber erstellt wurden, werden die Urheberrechte Dritter beachtet. Insbesondere werden Inhalte Dritter als solche gekennzeichnet. Sollten Sie trotzdem auf eine Urheberrechtsverletzung aufmerksam werden, bitten wir um einen entsprechenden Hinweis. Bei Bekanntwerden von Rechtsverletzungen werden wir derartige Inhalte umgehend entfernen.<\/p>\n<h5>Datenschutz<\/h5>\n<p>In all unseren Gesch\u00e4ftsfeldern haben wir t\u00e4glich mit vertraulichen Informationen zu tun. Allein schon deswegen ist uns der sorgf\u00e4ltige Umgang mit Daten ein sehr wichtiges Anliegen. Wir befolgen daher strikt die geltenden datenschutzrechtlichen Bestimmungen. Ihre pers\u00f6nlichen Daten werden von uns streng vertraulich behandelt.<\/p>\n<h5>Geltungsbereich<\/h5>\n<p>Diese Datenschutzerkl\u00e4rung soll die Nutzer dieser Website gem\u00e4\u00df der gesetzlichen Bestimmungen (DSGVO, TKG 2003) \u00fcber die Art, den Umfang und den Zweck der Erhebung und Verwendung personenbezogener Daten informieren.Als Websitebetreiber nehmen wir Ihren Datenschutz sehr ernst und behandeln Ihre personenbezogenen Daten vertraulich und entsprechend der gesetzlichen Vorschriften.Bedenken Sie, dass die Daten\u00fcbertragung im Internet grunds\u00e4tzlich mit Sicherheitsl\u00fccken bedacht sein kann. Ein vollumf\u00e4nglicher Schutz vor dem Zugriff durch Fremde ist nicht realisierbar. Verantwortlicher f\u00fcr die Datenverarbeitung ist die Kasperl und Pezi GmbH.<\/p>\n<h5>Erhebung und Verarbeitung von Daten<\/h5>\n<p>Wir verarbeiten Ihre personenbezogenen Daten ausschlie\u00dflich im Rahmen der Bestimmungen der Datenschutzgrundverordnung (DSGVO) sowie des Datenschutzgesetzes. Nachfolgend unterrichten wir Sie \u00fcber uns sowie Art, Umfang und Zweck der Datenerhebung und Verwendung.Wir verarbeiten jene personenbezogenen Daten, die Sie uns als Nutzer der Website und\/oder als Kunde durch Angaben, etwa im Rahmen einer Anfrage oder zum Abschluss eines Vertrages, Versand von Informationen und Werbung via Email, Post oder Fax zur Verf\u00fcgung stellen.<\/p>\n<h5>Die Datenverarbeitung erfolgt zu folgenden Zwecken:<\/h5>\n<p>Marketing &amp; Werbung<br \/>\nNewsletter<br \/>\nNewsletter-Abonnement<br \/>\nKartenreservierung<br \/>\nAbonnementbestellung<br \/>\nStellenausschreibungen<\/p>\n<p>Der Websitebetreiber bietet Ihnen einen Newsletter an, in welchem er Sie \u00fcber aktuelle Geschehnisse und Angebote informiert. M\u00f6chten Sie den Newsletter abonnieren, m\u00fcssen Sie eine g\u00fcltige E-Mail-Adresse angeben. Wenn Sie sich zu unserem Newsletter anmelden, erteilen Sie die Einwilligung. Ihre Email-Adresse automationsunterst\u00fctzt zu verarbeiten, daher zu speichern und zur Zusendung unseres Newsletters zu verwenden. Wir speichern auch Ihre\u00a0Reaktionen auf den Newsletter.<\/p>\n<p>Der Websitebetreiber bietet Ihnen ein Kartenreservierungsservice sowie ein Abonnementbestellservice an. M\u00f6chten Sie diesen Service\/diese Services nutzen, m\u00fcssen Sie eine g\u00fcltige E-Mail-Adresse sowie Vorname, Nachname, Adresse und Telefonnummer angeben. Wenn Sie sich an diese Services wenden, erteilen Sie die Einwilligung, Ihre Email-Adresse (und \u2013 wenn angegeben \u2013 Ihren Namen und Vornamen und Daten zu Ihrer Person automationsunterst\u00fctzt zu verarbeiten, daher zu speichern und zur internen Serviceabwicklung zu verwenden.<\/p>\n<p>Wenn Sie sich zu einer Stellenausschreibung bewerben, erteilen Sie die Einwilligung. Ihre Email-Adresse, Ihren Namen und Vornamen und Geburtsdatum, sowie allf\u00e4llige Unterlagen (Lebenslauf, Bewerbungsschreiben, Zeugnisse, Bef\u00e4higungsnachweise, Fotos) automationsunterst\u00fctzt zu verarbeiten, daher zu speichern und zur Evidenzhaltung zu verwenden. Wir speichern auch Ihre\u00a0Reaktionen auf unsere Beantwortung Ihrer Teilnahme an der Stellenausschreibung.<\/p>\n<p>&nbsp;<\/p>\n<h5>Protokollierung des E-Mail-Verkehrs<\/h5>\n<p>Zur Sicherstellung einer angemessenen Informations- und Systemsicherheit und zur Erkennung von Schadsoftware speichern wir Protokolldaten zum E-Mailverkehr.\u00a0Wenn Sie ein E-Mail an eine unserer Adressen senden, werden die folgenden Daten protokolliert: E-Mail- und IP-Adresse der Empf\u00e4ngerin\/des Empf\u00e4ngers und der Senderin\/des Senders, Anzahl der Empf\u00e4ngerinnen\/Empf\u00e4nger, Betreff, Datum und Uhrzeit des Eingangs beim Server, Dateibezeichnung allf\u00e4lliger Anh\u00e4nge, Gr\u00f6\u00dfe der Nachricht, Risikoklassifizierung f\u00fcr Spam und Zustellstatus.<\/p>\n<p>Au\u00dferdem verarbeiten wir Ihre personenbezogenen Daten im Zusammenhang mit E-Mails, soweit erforderlich, f\u00fcr die Dauer der gesamten Gesch\u00e4ftsanbahnung sowie dar\u00fcber hinaus gem\u00e4\u00df den gesetzlichen Aufbewahrungs- und Dokumentationspflichten.<\/p>\n<h5>Web-Analyse<\/h5>\n<p>Wir setzen auf unserer Website Analyse-Tools zur statistische Auswertungen \u00fcber die Nutzung unserer Website zur Verbesserung unseres Angebots.Diese kommen ausschlie\u00dflich auf Grundlage Ihrer Zustimmung gem. Art 6 Abs 1 lit a DSGVO zum Einsatz und werden erst nach erfolgter Zustimmung von uns gesetzt. Sie dienen uns dazu, unsere Website laufend zu verbessern, den Erfolg unseres Webauftrittes zu steigern und unser Angebot zu optimieren.Auf unserer Website kommt Google Analytics zum Einsatz. Dabei handelt es sich um einen Webanalysedienst der Google Inc. (<a href=\"https:\/\/www.google.at\/intl\/de_at\/about\" rel=\"nofollow\">https:\/\/www.google.at\/intl\/de_at\/about<\/a>) (1600 Amphitheatre Parkway, Mountain View, CA 94043, USA, im Folgenden kurz Google).<\/p>\n<p>Durch das Cookie werden folgende Informationen erzeugt und von Google verarbeitet:<\/p>\n<p>\u2022 Browser-Typ\/-Version<br \/>\n\u2022 Verwendetes Betriebssystem<br \/>\n\u2022 Zuvor besuchte Seite<br \/>\n\u2022 IP-Adresse<br \/>\n\u2022 Uhrzeit der Serveranfrage<\/p>\n<p>Die Daten werden in den USA verarbeitet und dort gespeichert. Sie dienen dazu, die Nutzung der Website auszuwerten. Gesetzte Cookies k\u00f6nnen Sie jederzeit \u00fcber Ihren Browser l\u00f6schen.<\/p>\n<h5>Social Media<\/h5>\n<p>Wir binden auf unsere Website durch Social Media-Plug-ins und iFrames die Dienste von Facebook ein.<\/p>\n<p>Wir unterbinden weitest m\u00f6glich eine Daten\u00fcbermittlung an diese Dienste. Erst wenn Sie das Symbol eines Dienstes anklicken und diesen damit aktiv aufrufen, werden u.a. Ihre IP-Adresse sowie Cookies \u00fcbermittelt und der Dienst erh\u00e4lt die Information, dass Sie mit Ihrer IP-Adresse unsere Website besucht haben. Sind Sie bei einem der Social Media-Netzwerke aktiv eingeloggt, werden diese Informationen Ihrem Benutzerkonto zugeordnet. Bitte beachten Sie, dass wir selbst weder eine gesicherte Kenntnis \u00fcber, noch Einfluss darauf haben, wie und welche Daten genau an die jeweiligen Dienste gelangen. Mit der Aktivierung und Verwendung eines Social Media Plug-ins stimmen Sie der damit einhergehenden \u00dcbermittlung personenbezogener Daten an den gew\u00e4hlten Dienst zu.<\/p>\n<p>Die jeweils aktuellen Informationen zu Art, Zweck, Umfang, Verwendung und Schutz Ihrer Daten durch diese Netzwerke sowie Ihre damit zusammenh\u00e4ngenden Rechte entnehmen Sie bitte der Datenschutzerkl\u00e4rung des gew\u00e4hlten Serviceanbieters. Dies sind unserer Information zufolge Folgende. Wir \u00fcbernehmen keine Gew\u00e4hr f\u00fcr die Vollst\u00e4ndigkeit und Richtigkeit dieser Angaben:<\/p>\n<p>Facebook Inc., 1601 S. California Ave, Palo Alto, CA 94304, USA<\/p>\n<p><a href=\"https:\/\/www.facebook.com\/about\/privacy\/\">Datenschutzhinweise von Facebook<\/a><\/p>\n<h5>Die Rechtsgrundlage der Datenverarbeitung ist:<\/h5>\n<p>Vertragsanbahnung- und -erf\u00fcllung gem.\u00a0Art\u00a06 Abs\u00a01 b DSGVO. Um Ihre Bestellung, Anfrage, Kontaktaufnahme zur vollsten Zufriedenheit abwickeln zu k\u00f6nnen, ben\u00f6tigen wir Ihre Daten.<\/p>\n<p>Marketing und Werbung gem.\u00a0Art\u00a06 Abs\u00a01 lit.\u00a0f DSGVO. Als Interessenten zu unserem Angebot m\u00f6chten wir Sie gerne aktuell und gezielt \u00fcber Neuerungen und Angebote unserer Produkte informieren.<\/p>\n<p>Umgang mit Kontaktdaten \/ Kontaktformular \/ Email<\/p>\n<p>Nehmen Sie mit dem Websitebetreiber durch die angebotenen Kontaktm\u00f6glichkeiten mit uns Verbindung auf, werden Ihre Angaben gespeichert, damit auf diese zur Bearbeitung und Beantwortung Ihrer Anfrage zur\u00fcckgegriffen werden kann. Diese Daten werden nicht an Dritte weitergegeben.<\/p>\n<h5>Zugriffsdaten<\/h5>\n<p>Der Websitebetreiber bzw. Seitenprovider erhebt Daten \u00fcber Zugriffe auf die Seite und speichert diese als \u201eServer-Logfiles\u201c ab. Folgende Daten werden so protokolliert:<\/p>\n<p>Besuchte Website<br \/>\nUhrzeit zum Zeitpunkt des Zugriffes<br \/>\nMenge der gesendeten Daten in Byte<br \/>\nQuelle\/Verweis, von welchem Sie auf die Seite gelangten<br \/>\nVerwendeter Browser<br \/>\nVerwendetes Betriebssystem<br \/>\nVerwendete IP-Adresse<\/p>\n<p>Die erhobenen Daten dienen lediglich statistischen Auswertungen und zur Verbesserung der Website. Der Websitebetreiber beh\u00e4lt sich allerdings vor, die Server-Logfiles nachtr\u00e4glich zu \u00fcberpr\u00fcfen, sollten konkrete Anhaltspunkte auf eine rechtswidrige Nutzung hinweisen.<\/p>\n<h5>Datensicherheit<\/h5>\n<p>Die Sicherheit Ihrer Daten in unseren Systemen ist uns ein sehr gro\u00dfes Anliegen. Unser Ziel ist es, Ihre Daten mit h\u00f6chster Sorgfalt zu verwalten und alle notwendigen technischen und organisatorischen Sicherheitsma\u00dfnahmen zu treffen, um Ihre personenbezogenen Daten vor Verlust und Missbrauch zu sch\u00fctzen.<\/p>\n<p>Der Zugang zu ann\u00e4hernd allen unseren Websites wird \u00fcber HTTPS gesichert, wenn Ihr Browser SSL unterst\u00fctzt. Das bedeutet, dass die Kommunikation zwischen Ihrem Endger\u00e4t und unseren Servern verschl\u00fcsselt erfolgt. Sollten Sie mit uns oder unseren Mitarbeitenden per E-Mail in Kontakt treten wollen, weisen wir darauf hin, dass die Vertraulichkeit der \u00fcbermittelten Informationen nicht gew\u00e4hrleistet ist. Der Inhalt von E-Mails kann aufgrund ihrer technischen Konzeption von Dritten eingesehen werden, sofern nicht besondere technische Sicherheitsma\u00dfnahmen ergriffen werden.<\/p>\n<h5>Nutzung personenbezogener Daten<\/h5>\n<p>Soweit Sie uns als Nutzer unserer Webseite und\/oder Kunde personenbezogene Daten zur Verf\u00fcgung gestellt haben, verwenden wir diese ausschlie\u00dflich zur Beantwortung Ihrer Anfragen, zur Abwicklung von Vertr\u00e4gen und f\u00fcr die technische Administration.<\/p>\n<p>Personenbezogene Daten werden von uns an Dritte nicht weiter gegeben. Als Nutzer der Website und\/oder Kunde haben Sie das Recht, eine erteilte Einwilligung jederzeit mit Wirkung f\u00fcr die Zukunft zu widerrufen.<\/p>\n<p>Die L\u00f6schung der gespeicherten personenbezogenen Daten erfolgt, wenn Sie als Nutzer der Website und\/oder Kunde die Einwilligung zur Speicherung widerrufen, wenn ihre Daten zur Erf\u00fcllung des mit der Speicherung verfolgten Zwecks nicht mehr erforderlich sind oder wenn ihre Speicherung aus sonstigen gesetzlichen Gr\u00fcnden unzul\u00e4ssig ist bzw wird. Daten f\u00fcr Abrechnungszwecke und buchhalterische Zwecke unterliegen der gesetzlichen Aufbewahrungspflicht gem\u00e4\u00df Bundesabgabenordnung und werden von einem L\u00f6schungsverlangen nicht ber\u00fchrt.<\/p>\n<h5>Auskunft, Berichtigung, L\u00f6schung<\/h5>\n<p>Auf schriftliche Anfrage informieren wir Sie jederzeit gerne \u00fcber die zu Ihrer Person gespeicherten personenbezogenen Daten. Richten Sie Ihre Anfrage bitte an das Richard Hartenberger, Kasperl und Pezi GmbH. Sollten Ihre von uns verarbeiteten Daten nicht richtig sein, unterrichten Sie uns bitte dar\u00fcber. Wir werden diese unverz\u00fcglich richtigstellen und Sie dar\u00fcber informieren.<\/p>\n<p>Im Falle, dass Sie eine Verarbeitung Ihrer Daten durch uns nicht l\u00e4nger w\u00fcnschen, ersuchen wir Sie, uns dies formlos mitzuteilen. Wir werden Ihre Daten selbstverst\u00e4ndlich umgehend l\u00f6schen und Sie davon informieren. Sollten zwingende rechtliche Gr\u00fcnde einer L\u00f6schung entgegenstehen, werden Sie dahingehend umgehend von uns benachrichtigt.<\/p>\n<p>Zus\u00e4tzlich haben Sie das Recht auf Einschr\u00e4nkung der Verarbeitung auf Daten\u00fcbertragung. Sollten Sie der Auffassung sein, dass wir bei der Verarbeitung Ihrer Daten gegen \u00f6sterreichisches oder europ\u00e4isches Datenschutzrecht versto\u00dfen und dadurch Ihre Rechte verletzt haben, ersuchen wir Sie mit uns in Kontakt zu treten, um allf\u00e4llige Fragen aufkl\u00e4ren zu k\u00f6nnen. Selbstverst\u00e4ndlich haben Sie auch das Recht, sich bei der Datenschutzbeh\u00f6rde bzw einer europ\u00e4ischen Aufsichtsbeh\u00f6rde zu beschweren bzw. die Gerichte anzurufen.<\/p>\n<h5>Aktualisierung dieser Datenschutzerkl\u00e4rung<\/h5>\n<p>Wir behalten uns vor, diese Datenschutzerkl\u00e4rung bei Bedarf an technische Entwicklungen sowie rechtliche \u00c4nderungen anzupassen oder im Zusammenhang mit dem Angebot neuer Dienstleistungen oder Produkte zu aktualisieren.<\/p>\n","protected":false},"excerpt":{"rendered":"<p>Haftungsausschluss und Datenschutzerkl\u00e4rung Urheberrecht Die durch die Seitenbetreiber erstellten Inhalte und Werke auf diesen Seiten unterliegen dem \u00f6sterreichischem Urheberrecht. Die Vervielf\u00e4ltigung, Bearbeitung, Verbreitung und jede Art der Verwertung au\u00dferhalb der [&hellip;]<\/p>\n","protected":false},"author":159374647,"featured_media":0,"parent":0,"menu_order":0,"comment_status":"closed","ping_status":"closed","template":"","meta":{"_monsterinsights_skip_tracking":false,"_monsterinsights_sitenote_active":false,"_monsterinsights_sitenote_note":"","_monsterinsights_sitenote_category":0,"advanced_seo_description":"","jetpack_seo_html_title":"","jetpack_seo_noindex":false,"footnotes":""},"class_list":["post-1169","page","type-page","status-publish","hentry"],"jetpack_likes_enabled":false,"jetpack_sharing_enabled":false,"jetpack_shortlink":"https:\/\/wp.me\/Pb4qAY-iR","jetpack-related-posts":[],"_links":{"self":[{"href":"https:\/\/kasperlundpezi.at\/index.php?rest_route=\/wp\/v2\/pages\/1169","targetHints":{"allow":["GET"]}}],"collection":[{"href":"https:\/\/kasperlundpezi.at\/index.php?rest_route=\/wp\/v2\/pages"}],"about":[{"href":"https:\/\/kasperlundpezi.at\/index.php?rest_route=\/wp\/v2\/types\/page"}],"author":[{"embeddable":true,"href":"https:\/\/kasperlundpezi.at\/index.php?rest_route=\/wp\/v2\/users\/159374647"}],"replies":[{"embeddable":true,"href":"https:\/\/kasperlundpezi.at\/index.php?rest_route=%2Fwp%2Fv2%2Fcomments&post=1169"}],"version-history":[{"count":0,"href":"https:\/\/kasperlundpezi.at\/index.php?rest_route=\/wp\/v2\/pages\/1169\/revisions"}],"wp:attachment":[{"href":"https:\/\/kasperlundpezi.at\/index.php?rest_route=%2Fwp%2Fv2%2Fmedia&parent=1169"}],"curies":[{"name":"wp","href":"https:\/\/api.w.org\/{rel}","templated":true}]}}